{"id":1053,"date":"2019-09-13T15:50:14","date_gmt":"2019-09-13T20:50:14","guid":{"rendered":"http:\/\/www.belcarcompany.com\/nuevatienda\/?page_id=1053"},"modified":"2019-09-18T14:14:50","modified_gmt":"2019-09-18T19:14:50","slug":"nosotros","status":"publish","type":"page","link":"https:\/\/www.mrsiliconeband.com\/ven\/nosotros\/","title":{"rendered":"Nosotros"},"content":{"rendered":"<p>[et_pb_section fb_built=\u00bb1&#8243; _builder_version=\u00bb3.27.4&#8243; custom_padding=\u00bb3px||14px|||\u00bb fb_built=\u00bb1&#8243; _i=\u00bb0&#8243; _address=\u00bb0&#8243;][et_pb_row _builder_version=\u00bb3.27.4&#8243; _i=\u00bb0&#8243; _address=\u00bb0.0&#8243;][et_pb_column type=\u00bb4_4&#8243; _builder_version=\u00bb3.27.4&#8243; _i=\u00bb0&#8243; _address=\u00bb0.0.0&#8243;][et_pb_text _builder_version=\u00bb3.27.4&#8243; header_text_align=\u00bbcenter\u00bb _i=\u00bb0&#8243; _address=\u00bb0.0.0.0&#8243;]<\/p>\n<h1>Nosotros<\/h1>\n<p>[\/et_pb_text][et_pb_text _builder_version=\u00bb3.29.3&#8243; text_font_size=\u00bb24px\u00bb text_orientation=\u00bbjustified\u00bb hover_enabled=\u00bb0&#8243; _i=\u00bb1&#8243; _address=\u00bb0.0.0.1&#8243; text_font_size_last_edited=\u00bbon|phone\u00bb text_font_size_tablet=\u00bb16px\u00bb text_font_size_phone=\u00bb16px\u00bb]<\/p>\n<p>Mr. Silicone Band es una Empresa Especializada en Manillas de silicona desde el A\u00f1o 2004, ofrecemos experiencia, cumplimiento, solo trabajamos manillas de calidad.<\/p>\n<p>100% en Silicona a un precio razonable, tenemos muchos clientes satisfechos en Am\u00e9rica Latina.<\/p>\n<p>Nuestro principal objetivo es poder tomar cada una de las ideas y proyectos de nuestros clientes y brindarles en base a nuestra experiencia el mejor acompa\u00f1amiento para que el resultado final cumpla o supere sus expectativas.<\/p>\n<p>[\/et_pb_text][\/et_pb_column][\/et_pb_row][\/et_pb_section]<\/p>\n","protected":false},"excerpt":{"rendered":"<p>NosotrosMr. Silicone Band es una Empresa Especializada en Manillas de silicona desde el A\u00f1o 2004, ofrecemos experiencia, cumplimiento, solo trabajamos manillas de calidad. 100% en Silicona a un precio razonable, tenemos muchos clientes satisfechos en Am\u00e9rica Latina. Nuestro principal objetivo es poder tomar cada una de las ideas y proyectos de nuestros clientes y brindarles [&hellip;]<\/p>\n","protected":false},"author":2,"featured_media":0,"parent":0,"menu_order":0,"comment_status":"closed","ping_status":"closed","template":"","meta":{"_et_pb_use_builder":"on","_et_pb_old_content":"","_et_gb_content_width":"","om_disable_all_campaigns":false,"footnotes":""},"acf":[],"yoast_head":"<!-- This site is optimized with the Yoast SEO plugin v21.3 - https:\/\/yoast.com\/wordpress\/plugins\/seo\/ -->\n<title>Nosotros - Pulseras 100% Silicona<\/title>\n<meta name=\"description\" content=\"Somos Especialistas en Pulseras 100% Silicona Personalizadas para Publicidad, Eventos, Empresas, Activaciones de Marca, Fundaciones, Campa\u00f1as de Socializaci\u00f3n, Campa\u00f1as Pol\u00edticas, Eventos, Gimnasios. Somos tu mejor opci\u00f3n, Calidad, Precio y Cumplimiento.\" \/>\n<meta name=\"robots\" content=\"index, follow, max-snippet:-1, max-image-preview:large, max-video-preview:-1\" \/>\n<link rel=\"canonical\" href=\"https:\/\/www.mrsiliconeband.com\/ven\/nosotros\/\" \/>\n<meta property=\"og:locale\" content=\"es_ES\" \/>\n<meta property=\"og:type\" content=\"article\" \/>\n<meta property=\"og:title\" content=\"Nosotros - Pulseras 100% Silicona\" \/>\n<meta property=\"og:description\" content=\"Somos Especialistas en Pulseras 100% Silicona Personalizadas para Publicidad, Eventos, Empresas, Activaciones de Marca, Fundaciones, Campa\u00f1as de Socializaci\u00f3n, Campa\u00f1as Pol\u00edticas, Eventos, Gimnasios. Somos tu mejor opci\u00f3n, Calidad, Precio y Cumplimiento.\" \/>\n<meta property=\"og:url\" content=\"https:\/\/www.mrsiliconeband.com\/ven\/nosotros\/\" \/>\n<meta property=\"og:site_name\" content=\"Pulseras 100% Silicona\" \/>\n<meta property=\"article:modified_time\" content=\"2019-09-18T19:14:50+00:00\" \/>\n<meta name=\"twitter:card\" content=\"summary_large_image\" \/>\n<meta name=\"twitter:label1\" content=\"Tiempo de lectura\" \/>\n\t<meta name=\"twitter:data1\" content=\"1 minuto\" \/>\n<script type=\"application\/ld+json\" class=\"yoast-schema-graph\">{\"@context\":\"https:\/\/schema.org\",\"@graph\":[{\"@type\":\"WebPage\",\"@id\":\"https:\/\/www.mrsiliconeband.com\/ven\/nosotros\/\",\"url\":\"https:\/\/www.mrsiliconeband.com\/ven\/nosotros\/\",\"name\":\"Nosotros - Pulseras 100% Silicona\",\"isPartOf\":{\"@id\":\"https:\/\/www.mrsiliconeband.com\/ven\/#website\"},\"datePublished\":\"2019-09-13T20:50:14+00:00\",\"dateModified\":\"2019-09-18T19:14:50+00:00\",\"description\":\"Somos Especialistas en Pulseras 100% Silicona Personalizadas para Publicidad, Eventos, Empresas, Activaciones de Marca, Fundaciones, Campa\u00f1as de Socializaci\u00f3n, Campa\u00f1as Pol\u00edticas, Eventos, Gimnasios. Somos tu mejor opci\u00f3n, Calidad, Precio y Cumplimiento.\",\"inLanguage\":\"es\",\"potentialAction\":[{\"@type\":\"ReadAction\",\"target\":[\"https:\/\/www.mrsiliconeband.com\/ven\/nosotros\/\"]}]},{\"@type\":\"WebSite\",\"@id\":\"https:\/\/www.mrsiliconeband.com\/ven\/#website\",\"url\":\"https:\/\/www.mrsiliconeband.com\/ven\/\",\"name\":\"Pulseras 100% Silicona\",\"description\":\"Pulseras 100% Silicona\",\"potentialAction\":[{\"@type\":\"SearchAction\",\"target\":{\"@type\":\"EntryPoint\",\"urlTemplate\":\"https:\/\/www.mrsiliconeband.com\/ven\/?s={search_term_string}\"},\"query-input\":\"required name=search_term_string\"}],\"inLanguage\":\"es\"}]}<\/script>\n<!-- \/ Yoast SEO plugin. -->","yoast_head_json":{"title":"Nosotros - Pulseras 100% Silicona","description":"Somos Especialistas en Pulseras 100% Silicona Personalizadas para Publicidad, Eventos, Empresas, Activaciones de Marca, Fundaciones, Campa\u00f1as de Socializaci\u00f3n, Campa\u00f1as Pol\u00edticas, Eventos, Gimnasios. Somos tu mejor opci\u00f3n, Calidad, Precio y Cumplimiento.","robots":{"index":"index","follow":"follow","max-snippet":"max-snippet:-1","max-image-preview":"max-image-preview:large","max-video-preview":"max-video-preview:-1"},"canonical":"https:\/\/www.mrsiliconeband.com\/ven\/nosotros\/","og_locale":"es_ES","og_type":"article","og_title":"Nosotros - Pulseras 100% Silicona","og_description":"Somos Especialistas en Pulseras 100% Silicona Personalizadas para Publicidad, Eventos, Empresas, Activaciones de Marca, Fundaciones, Campa\u00f1as de Socializaci\u00f3n, Campa\u00f1as Pol\u00edticas, Eventos, Gimnasios. Somos tu mejor opci\u00f3n, Calidad, Precio y Cumplimiento.","og_url":"https:\/\/www.mrsiliconeband.com\/ven\/nosotros\/","og_site_name":"Pulseras 100% Silicona","article_modified_time":"2019-09-18T19:14:50+00:00","twitter_card":"summary_large_image","twitter_misc":{"Tiempo de lectura":"1 minuto"},"schema":{"@context":"https:\/\/schema.org","@graph":[{"@type":"WebPage","@id":"https:\/\/www.mrsiliconeband.com\/ven\/nosotros\/","url":"https:\/\/www.mrsiliconeband.com\/ven\/nosotros\/","name":"Nosotros - Pulseras 100% Silicona","isPartOf":{"@id":"https:\/\/www.mrsiliconeband.com\/ven\/#website"},"datePublished":"2019-09-13T20:50:14+00:00","dateModified":"2019-09-18T19:14:50+00:00","description":"Somos Especialistas en Pulseras 100% Silicona Personalizadas para Publicidad, Eventos, Empresas, Activaciones de Marca, Fundaciones, Campa\u00f1as de Socializaci\u00f3n, Campa\u00f1as Pol\u00edticas, Eventos, Gimnasios. Somos tu mejor opci\u00f3n, Calidad, Precio y Cumplimiento.","inLanguage":"es","potentialAction":[{"@type":"ReadAction","target":["https:\/\/www.mrsiliconeband.com\/ven\/nosotros\/"]}]},{"@type":"WebSite","@id":"https:\/\/www.mrsiliconeband.com\/ven\/#website","url":"https:\/\/www.mrsiliconeband.com\/ven\/","name":"Pulseras 100% Silicona","description":"Pulseras 100% Silicona","potentialAction":[{"@type":"SearchAction","target":{"@type":"EntryPoint","urlTemplate":"https:\/\/www.mrsiliconeband.com\/ven\/?s={search_term_string}"},"query-input":"required name=search_term_string"}],"inLanguage":"es"}]}},"_links":{"self":[{"href":"https:\/\/www.mrsiliconeband.com\/ven\/wp-json\/wp\/v2\/pages\/1053"}],"collection":[{"href":"https:\/\/www.mrsiliconeband.com\/ven\/wp-json\/wp\/v2\/pages"}],"about":[{"href":"https:\/\/www.mrsiliconeband.com\/ven\/wp-json\/wp\/v2\/types\/page"}],"author":[{"embeddable":true,"href":"https:\/\/www.mrsiliconeband.com\/ven\/wp-json\/wp\/v2\/users\/2"}],"replies":[{"embeddable":true,"href":"https:\/\/www.mrsiliconeband.com\/ven\/wp-json\/wp\/v2\/comments?post=1053"}],"version-history":[{"count":0,"href":"https:\/\/www.mrsiliconeband.com\/ven\/wp-json\/wp\/v2\/pages\/1053\/revisions"}],"wp:attachment":[{"href":"https:\/\/www.mrsiliconeband.com\/ven\/wp-json\/wp\/v2\/media?parent=1053"}],"curies":[{"name":"wp","href":"https:\/\/api.w.org\/{rel}","templated":true}]}}